)?
53
Calculate 31 + (-29 - (-36 - (76 - 40))).
74
Evaluate -15 - (-7 + 6 + -5 + 11 + -7 - 1).
-12
What is the value of (2 - -95) + (-82 - -43 - -20)?
78
(-10 - ((-7 - -2) + -8)) + (5 - 8) + -42
-42
Evaluate 14 - (1 - 2) - (-519 - (-807 - -248)).
-25
Calculate 8 - (12 + (9 + 7 - 27) + 11).
-4
Evaluate 0 - 20 - (14 + 8 + -3 + -11).
-28
Evaluate 29 + -100 + (95 - 3).
21
Evaluate 41 + (16 - -9) + (17 - -2) + -8.
77
Calculate -67 - (-85 - -69 - -76).
-127
What is the value of -1 + -40 + 6756 + -6801?
-86
What is the value of 0 - 16 - (-19 - (1 - 17)) - (0 - 4)?
-9
Evaluate (84 - 5) + (-134 - -126) - 19.
52
What is (345 + -83 - 138) + -204?
-80
What is the value of -13 + (-1 - (4 - -3) - (-15 - -9 - 3))?
-12
-27 + (21 - (21 - 4 - -10))
-33
What is the value of -40 - ((-13 - (-28 + 15)) + 15)?
-55
What is the value of -14 + 26 + 18 + 8?
38
Calculate 69 + 5 + 2832 + -2848.
58
Calculate 5 + 4 + -3 + 20 + (52 + -5 - 41).
32
Evaluate -32 - (1 + -9 + 2 - (11 + -32 + 13)).
-34
(-3 - (0 - 6)) + (1162 - 1172)
-7
What is the value of -34 + 2226 + -2277 + 35 + 0?
-50
Evaluate -181 + 257 + -15 + 8.
69
Evaluate 16 - -54 - 64 - (3 + -2 + (3 - 25)).
27
What is the value of -74 - (-136 - -71) - -11?
2
What is (-23 - (2 + -4)) + (-2336 - -2307)?
-50
Calculate -5 + -73 + 13 + (59 + -59 - (0 + -7)).
-58
What is (-8 - -5) + -10 + (22 - 15) + -54?
-60
Calculate -51 + (14 - -13) - -40.
16
Evaluate 10 + 10 + -18 + 0 + (-13 - 18).
-29
What is (-3 - 12) + 7 + (6 + 71 - (2 - 7))?
74
-4745 + 4691 + -31 + 0
-85
What is 45 - 1 - (105 + -123 + 20)?
42
What is the value of (-4 - (-4 + (-17 - -6))) + 9 + -12?
8
Calculate (24 - -9) + (-28 - 27) + 16.
-6
Calculate (131 - 130 - 34) + -34 + 2.
-65
What is (7 - (65 - -3)) + -6 + (-7 - -20) + 0?
-54
(5 - 4) + 7 + 13 + 2 + -78
-55
What is the value of (-2 - 12) + -2 + 88 + 470 + -456?
86
Calculate (-1 - 13) + (134 - 107 - (-4 - -9)).
8
What is the value of 0 + (74 - (-12 - -12)) + -40 + 38?
72
What is the value of -134 - (115 + -286) - -42?
79
59 + (3 - (-7 + 30 + -8)) - 6
41
19 - ((-1 + 5 - 19) + (-14 - -29))
19
What is the value of 12 - 23 - -16 - ((5 - 11) + -5)?
16
What is the value of -1 + 23 - (-21 + 1 - (-2 + -5 + -3))?
32
(-1 - 48) + (34 - 15 - 29 - -21)
-38
What is the value of 72 - (-58 + 27 - -36 - (-1 + (-1 - -7)))?
72
Calculate -1 + (-3 - 2 - (276 + -306)).
24
Calculate -14 + (-2 - 1) + 33 + 24 - 14.
26
What is 132 + -123 - (-3 + 52 + (-5 - -3))?
-38
Evaluate 40 + -32 + -3 - -36 - 37.
4
What is the value of (23 - 24) + -4 + (2 - 9)?
-12
Calculate (676 - 717) + (2 + 0 - 1 - 2).
-42
Evaluate 59 + 14 + (-20 - 6) + 1 - 12.
36
What is (39 - 34) + -48 - -12?
-31
Evaluate 1 + -1 + (0 - 39) + 5977 + -5963.
-25
(46 - 20 - 14) + (3 + -5 - -3) + -134
-121
What is -78 - ((15 - 71) + -6)?
-16
What is 4 + (36 - 2 - (9 - 2)) + 15?
46
What is the value of -26 + -24 + (8 + -9 + 6 - -3)?
-42
What is -35 - (-14 + (-36 - -38))?
-23
What is (-12 - (-12 - -5 - -46)) + -44?
-95
24 - (67 - (34 - -10)) - (58 - 1)
-56
What is (11 - 23) + -24 + 39 - (81 + 7)?
-85
What is -388 + 389 + (-4 - (-1 + 18))?
-20
What is the value of -31 - 1 - (-17 - (-20 + (-18 - -27)) - -13)?
-39
-64 + -2 - ((-40 - -19) + -4)
-41
What is the value of 36 - (48 + -9) - (18 + 2)?
-23
Calculate 3 + -54 + 64 + -47.
-34
Calculate 2352 + -2366 + (152 - (-17 - -15 - (-3 + 1))).
138
Calculate (-3 - 6 - 0) + 15 + -32.
-26
92 + -1 - (-111 - (151 + -276))
77
41 + -53 - (-3 + 1 + -8)
-2
What is 15 + (0 - (12 - 12)) - (69 + -5)?
-49
Calculate -30 + 48 - (-35 - -19 - -30).
4
What is the value of 18 + (-20 - (-6 + -3 + -2)) + 19?
28
What is the value of (-2 - -10) + (4 - -1) - (-41 - (3 + -3))?
54
45 + -33 - (-337 - -257)
92
What is (641 - 158 - 468) + 0 + (126 - -1)?
142
Evaluate 19 - ((9 + -13 - 13) + 73).
-37
What is 105 - (163 - (53 - -75))?
70
What is 63 - (22 + (4 - -6)) - 89?
-58
What is the value of 22 + (-18 - (-27 - -35)) + 57?
53
What is the value of 8 - (-28 + 32 + 13 + -21)?
12
Calculate -49 - -2 - (-532 - -136 - -199).
150
What is (8 - -4 - 13) + 15 + -69?
-55
1 - 23 - 2 - (-3 + -23 + 18 + -2)
-14
What is the value of 123 + -112 + 8 + -41 + 1?
-21
What is the value of (-121 - 1) + -3179 + 3307?
6
Evaluate 117 - (-1 + (-1 - -3)) - (-8216 + 8228).
104
Calculate -39 + (12 - -111) + -174.
-90
Calculate 8 - 62 - (41 + -57) - (0 - 9).
-29
(-57 - (40 + -96)) + 3
2
What is the value of -107 + 92 + (3 - 14) + -28?
-54
What is 0 + -19 + -118 + -97 + 179?
-55
Evaluate (52 + -39 - -41) + -100.
-46
(32 - 37) + 31 + (-14 + (5 - -1) - -14)
32
Evaluate -768 - -841 - (10 + 4 + -2).
61
What is the value of -42 + 68 + (-44 - -43 - (3 + 1))?
21
Calculate -3 + -9 + 11 - (-36 + 5 + 13 - 121).
138
Calculate -1 + 1 + 5 - (-29 + 73 + 21 + -13).
-47
What is 11 + (-19 - 4) + 2 + 40?
30
Evaluate 9 - (-10 - -7) - 8 - (14 + 4).
-14
What is the value of (3 - -52) + (219 - 294)?
-20
Evaluate (-18 - 2) + (-3451 - -3557).
86
Calculate 1627 - 1618 - (-7 + -62 - -2).
76
Evaluate 0 + 3 + 0 + 47 + (1287 - 1300).
37
(-169 - -148) + (-14 - 40)
-75
What is (-300 - -245) + (-1 - -4)?
-52
What is (-11 + (10 - -20) - 10) + -10 + 58 - 4?
53
Evaluate 14 - ((30 - 53) + 17 - (-63 + 1)).
-42
What is the value of 23 + 55 - ((1 - -9) + -8)?
76
What is -89 + 99 + (37 - (3 + (6 - 10))) + -4?
44
What is the value of (1 - -71) + (-30 + 3 - (-5 + -2)) + 11?
63
Evaluate (-1 - 11 - (92 + -91 + -1 + -22)) + -87.
-77
What is -58 - (-10 - 15) - (-4 + 7 + -6)?
-30
63 - 60 - ((-3 - 1) + 5 + (10 - -1))
-9
What is 1 + -10 - ((-104 - -101) + 0 + -50 - 3)?
47
Evaluate -327 - -349 - (20 - -30).
-28
What is (-691 - -680 - (2 - 40 - -1)) + 2?
28
Calculate -28 - (34 - -3 - (115 + -14)).
36
Evaluate 1 + 144 + 35 + 91 + -141.
130
Evaluate 59 + 3 + -6 + (74 - 40).
90
-59 + 94 - (45 + (-16 - -7))
-1
What is the value of 3 - ((16 - -3) + 5 - 11 - -11)?
-21
Evaluate -24 + 36 + (-2 - 1) + 178 + -95.
92
Calculate 1 - (79 - (-14 - -34 - 19 - -5)).
-72
What is 21 + -5 + -12 + (-3 - -22)?
23
-11 + (-11 - (14 + -32) - -18) - (9 + 0)
5
Evaluate (-10 - (6 - 13)) + (16 - -37) + -6.
44
Calculate (222 - 225) + (44 + 4 - 1) + 6.
50
Evaluate (517 - 301) + -80 + -29.
107
What is (25 - 46) + (8 + -3 - (5 - -7))?
-28
What is the value of ((0 - -9) + -15 - -3) + 85 + 4 + 2?
88
-2 + (-2 - -142) - (10467 + -10444)
115
What is the value of 130 + (34 - (9 - -94))?
61
80 - ((121 - 107) + 95)
-29
What is (1 - 1) + 283 + -288?
-5
-546 - -550 - (-8 + 0 + (-3 - -3)) - 57
-45
What is 3 + 15 + -7 + (4 - (39 - (-21 + 14)))?
-31
What is 10 + 0 + -26 + (-7 - 10) + 37?
4
What is 12 - 22 - (7 + 0) - 18?
-35
Calculate (-10 - (-4 - -29 - (192 - 152))) + -1 + -39.
-35
Calculate -60 + -58 - (-253 - -163).
-28
What is the value of (-50 - (2 - (-5 + (7 - -3)))) + -1 + -1?
-49
-173 + 293 - (1 + 66)
53
What is the value of 13 + 3 + 5 + (30 - 15 - 10)?
26
Calculate (0 - (-11 + 6 + 8)) + -9 + -56.
-68
12 + -7 + (-6 - -9) + (-34 - 34 - 27)
-87
What is (-10 - 12) + 45 + -21 + -95?
-93
3 + 12 + -15 + (1 - -4) + 4
9
99 + -135 + 20 + -16 + 1
-31
7 + 5 + (6 - (27 - 1)) - (36 + -111)
67
What is -3 + (1 - 4 - -1) - (43 + (-42 - 3))?
-3
What is 82 + -58 + -4 + (-19 - 2)?
-1
Calculate 15 - (20 - (-66 - -26 - (-31 + 11))).
-25
Evaluate 10 + 71 + (-10 - 0 - (-36 + 43)).
64
Evaluate 55 + -80 + -2 + -8 + -5 + 9 + 10.
-21
What is 672 + -711 + 1 + 7?
-31
What is the value of -20 + (7 - -5) + 87 + (4 - -7)?
90
Calculate 10 + -10 + 84 + -53.
31
4 + 0 + (-19 - (-35 - -29))
-9
What is 43 + -21 - 9 - (15 - -97)?
-99
Calculate 10 + (-1 - 1) + (-30 - (-37 - -51)).
-36
9179 + -9321 + 155 + -1
12
-51 + -51 + 46 - -51
-5
What is the value of -29 + 29 + -6 + (-58 - 2) + -2 + -5?
-73
-10 - (9 - (1 - ((0 - -41) + (-177 - -177))))
-59
Calculate -16 - -28 - (22 - -1 - (25 + -17)).
-3
Evaluate 8 + (-26 - -27) - -25.
34
Evaluate (-16 - -24) + -5 + 122.
125
What is 137 + -178 + 50 - (67 - -3)?
-61
-29 - (28 - (7 - -44))
-6
Calculate (3 - (-7 - (10 - 12) - 0)) + 19 + -4.
23
What is the value of 91 + -2 + 22 + 1 + -95 + 76?
93
What is the value of (-98 - -40 - -66) + -63?
-55
(13 - 0 - 3) + 26 + (-15 - (-20 - 43))
84
What is the value of 34 + 1 - (-2776 - -2806)?
5
-25 + -1 + 61 - -5 - -19
59
Evaluate 10 + (52 - (14 + 50)).
-2
What is (122 - (24 - -8)) + 4 + (5 - 10)?
89
Calculate (0 - -73) + (-17 - (21 - (-49 + 100))).
86